{"id":18167,"date":"2017-12-13T10:22:14","date_gmt":"2017-12-13T09:22:14","guid":{"rendered":"https:\/\/www.typolibris.ch\/la-clairiere-des-livres\/"},"modified":"2023-01-09T10:25:09","modified_gmt":"2023-01-09T09:25:09","slug":"la-clairiere-des-livres-de","status":"publish","type":"page","link":"https:\/\/www.typolibris.ch\/de\/la-clairiere-des-livres-de\/","title":{"rendered":"La Clairi\u00e8re des Livres"},"content":{"rendered":"<p>[vc_row][vc_column width=&#8220;1\/2&#8243; el_class=&#8220;contenu-europe&#8220;][vc_empty_space][vc_column_text]<div class=\"agm-canvas\" id=\"agm-canvas\" style=\"margin: 0 auto; width:570px; height:475px;\"><\/div>[\/vc_column_text][\/vc_column][vc_column width=&#8220;1\/2&#8243;][vc_empty_space][vc_column_text]<\/p>\n<h3>KERMOELES<\/h3>\n<p>Lescou\u00ebt-Gouarec (22)[\/vc_column_text][vc_column_text css_animation=&#8220;left-to-right&#8220;]<\/p>\n<p style=\"text-align: left;\"><img loading=\"lazy\" decoding=\"async\" class=\"marker-clairiere alignleft wp-image-12385 size-full\" src=\"https:\/\/www.typolibris.ch\/wp-content\/uploads\/2017\/12\/picto-marker_03.png\" alt=\"picto-marker_03\" width=\"65\" height=\"94\" \/><br \/>\nBreitengrad 48.150168<br \/>\nL\u00e4ngengrad -3.254957<\/p>\n<p>&nbsp;<\/p>\n<p>F\u00fcr jedes <strong>Buch<\/strong>, das wir f\u00fcr Sie drucken, pflanzen wir einen <strong>Baum<\/strong> in unserem Wald in<strong> Kermoeles<\/strong>.<\/p>\n<p>Wir legen Wert darauf, dauerhafte, konkrete Massnahmen zu ergreifen und einen langfristigen Beitrag zu leisten. Platzieren Sie das Logo von <strong>La Clairi\u00e8re des Livres<\/strong> auf Ihren bei Typo\u2019Libris gedruckten B\u00fcchern und werden Sie Botschafter f\u00fcr unseren Wald.[\/vc_column_text][\/vc_column][\/vc_row][vc_row full_width=&#8220;stretch_row&#8220; css=&#8220;.vc_custom_1526561953516{padding-top: 0px !important;background-color: #f6f6f6 !important;}&#8220; el_class=&#8220;bande-foret&#8220; el_id=&#8220;videos-clairiere&#8220;][vc_column][vc_column_text el_class=&#8220;titre-fond-foret&#8220;]<\/p>\n<h3 style=\"text-align: center;\"><span style=\"color: #007734;\">F\u00fcr jeden Buchtitel, den wir f\u00fcr Sie drucken,<\/span><br \/>\n<span style=\"color: #007734;\">pflanzen wir einen Baum!<\/span><\/h3>\n<p>[\/vc_column_text][vc_row_inner][vc_column_inner width=&#8220;1\/2&#8243;][vc_column_text]<\/p>\n<div align=\"center\">\n<p><iframe loading=\"lazy\" src=\"https:\/\/www.youtube.com\/embed\/wgBbD6pWQeM?rel=0&amp;showinfo=0\" width=\"560\" height=\"315\" frameborder=\"0\" allowfullscreen=\"allowfullscreen\"><\/iframe><\/p>\n<h4>F\u00e9vrier 2018 &#8211; Pr\u00e9sentation<\/h4>\n<\/div>\n<p>[\/vc_column_text][\/vc_column_inner][vc_column_inner width=&#8220;1\/2&#8243;][vc_column_text]<\/p>\n<div align=\"center\">\n<p><iframe loading=\"lazy\" src=\"https:\/\/www.youtube.com\/embed\/zr8OsNNDmJI?rel=0&amp;showinfo=0\" width=\"560\" height=\"315\" frameborder=\"0\" allowfullscreen=\"allowfullscreen\"><\/iframe><\/p>\n<h4>Avril 2018 &#8211; Premi\u00e8res plantations<\/h4>\n<\/div>\n<p>[\/vc_column_text][\/vc_column_inner][\/vc_row_inner][vc_row_inner][vc_column_inner width=&#8220;1\/2&#8243;][vc_column_text]<\/p>\n<div align=\"center\">\n<p><iframe loading=\"lazy\" src=\"https:\/\/www.youtube.com\/embed\/R_eebkpfokE?rel=0&amp;showinfo=0\" width=\"560\" height=\"315\" frameborder=\"0\" allowfullscreen=\"allowfullscreen\"><\/iframe><\/p>\n<h4>D\u00e9cembre 2018 &#8211; Plantations<\/h4>\n<\/div>\n<p>[\/vc_column_text][\/vc_column_inner][vc_column_inner width=&#8220;1\/2&#8243;][vc_column_text]<\/p>\n<div align=\"center\">\n<p><iframe loading=\"lazy\" src=\"https:\/\/www.youtube.com\/embed\/TG_al0ydOb4\" width=\"560\" height=\"315\" frameborder=\"0\" allowfullscreen=\"allowfullscreen\"><\/iframe><\/p>\n<h4>D\u00e9cembre 2019 &#8211; Plantations<\/h4>\n<\/div>\n<p>[\/vc_column_text][\/vc_column_inner][\/vc_row_inner][\/vc_column][\/vc_row][vc_row][vc_column][vc_empty_space][vc_row_inner][vc_column_inner width=&#8220;1\/2&#8243;][vc_column_text css_animation=&#8220;bottom-to-top&#8220;]Die <strong>Printcorpgroup<\/strong> und ihre Teams sind dem \u00f6kologischen Gleichgewicht gegen\u00fcber sensibel und respektieren unseren <strong>Planeten<\/strong>. Sie haben sich konkrete Massnahmen gew\u00fcnscht und unterst\u00fctzen die Umweltschutzbewegung.[\/vc_column_text][\/vc_column_inner][vc_column_inner width=&#8220;1\/2&#8243;][vc_column_text css_animation=&#8220;bottom-to-top&#8220;]<strong>La Clairi\u00e8re des Livres<\/strong> ist ein zuk\u00fcnftiger Wald von 15 ha Gr\u00f6sse in der Zentralbretagne, in dem wir B\u00e4ume pflanzen, um die Biodiversit\u00e4t zu erhalten oder wiederherzustellen.[\/vc_column_text][\/vc_column_inner][\/vc_row_inner][vc_column_text]<\/p>\n<blockquote><p>Lassen Sie uns aktiv zur Zukunft unseres Planeten beitragen und den B\u00fcchern von morgen beim Wachsen zusehen. Printcorpgroup, territoires d\u2019impression.<\/p><\/blockquote>\n<p>[\/vc_column_text][vc_empty_space][\/vc_column][\/vc_row][vc_row full_width=&#8220;stretch_row_content&#8220;][vc_column el_class=&#8220;bloc-linkftp&#8220;][vc_row_inner][vc_column_inner el_class=&#8220;image-certificat&#8220; width=&#8220;1\/2&#8243; css=&#8220;.vc_custom_1513174164727{background-image: url(https:\/\/www.typolibris.ch\/wp-content\/uploads\/2016\/04\/fd-clairiere.jpg?id=11752) !important;}&#8220;][vc_empty_space height=&#8220;45px&#8220;][vc_single_image image=&#8220;18082&#8243; img_size=&#8220;full&#8220; alignment=&#8220;right&#8220; css_animation=&#8220;left-to-right&#8220; css=&#8220;.vc_custom_1655993403184{padding-right: 100px !important;}&#8220;][vc_empty_space height=&#8220;45px&#8220;][\/vc_column_inner][vc_column_inner el_class=&#8220;contenu-certificat&#8220; width=&#8220;1\/2&#8243; css=&#8220;.vc_custom_1513173884143{background-color: #3b962b !important;}&#8220;][vc_column_text el_class=&#8220;texte-clairiere-livres&#8220;]<\/p>\n<h3>Werden Sie Botschafter f\u00fcr La Clairi\u00e8re des Livres<\/h3>\n<p>Platzieren Sie das Logo von <strong>La Clairi\u00e8re des Livres<\/strong> auf Ihren Werken, und wir stellen Ihnen ein digitales Zertifikat f\u00fcr den Baum aus, der sein Leben Ihrem Buch verdankt&#8230;[\/vc_column_text][vc_empty_space height=&#8220;15px&#8220;][vc_single_image image=&#8220;17403&#8243; img_size=&#8220;full&#8220;][vc_empty_space height=&#8220;15px&#8220;][vc_single_image image=&#8220;18465&#8243; img_size=&#8220;full&#8220; onclick=&#8220;custom_link&#8220; img_link_target=&#8220;_blank&#8220; css_animation=&#8220;right-to-left&#8220; link=&#8220;https:\/\/www.typolibris.ch\/wp-content\/uploads\/2020\/06\/charte-typolibris-clairiere-des-livres-2020.pdf&#8220;][vc_empty_space height=&#8220;15px&#8220;][vc_single_image image=&#8220;18468&#8243; img_size=&#8220;full&#8220; onclick=&#8220;custom_link&#8220; img_link_target=&#8220;_blank&#8220; css_animation=&#8220;right-to-left&#8220; link=&#8220;https:\/\/www.typolibris.ch\/wp-content\/uploads\/2018\/06\/logo-la-clairiere-des-livres.pdf&#8220;][vc_empty_space height=&#8220;17px&#8220;][\/vc_column_inner][\/vc_row_inner][\/vc_column][\/vc_row][vc_row][vc_column][vc_empty_space][vc_column_text el_class=&#8220;titre-sites-touristiques&#8220;]<\/p>\n<h3 style=\"text-align: center;\"><span style=\"color: #007734;\">7 ha Wald, die zu 30 ha werden sollen<\/span><\/h3>\n<p>[\/vc_column_text][vc_empty_space][vc_row_inner][vc_column_inner width=&#8220;1\/3&#8243;][vc_single_image image=&#8220;17411&#8243; img_size=&#8220;full&#8220; alignment=&#8220;center&#8220; css_animation=&#8220;appear&#8220;][vc_column_text]Nicolas und Erwan, Teamleiter in der Werkstatt von KreizBreizh, haben unser erstes Grundst\u00fcck vermessen und die zu pflanzenden Baumarten ausgew\u00e4hlt.[\/vc_column_text][\/vc_column_inner][vc_column_inner width=&#8220;1\/3&#8243;][vc_single_image image=&#8220;17412&#8243; img_size=&#8220;full&#8220; alignment=&#8220;center&#8220; css_animation=&#8220;appear&#8220;][vc_column_text]Pflanzung verschiedener Baumarten durch die Werkstatt KreizBreizh des ESAT de Glomel (WerkheimGlomel).[\/vc_column_text][\/vc_column_inner][vc_column_inner width=&#8220;1\/3&#8243;][vc_single_image image=&#8220;17409&#8243; img_size=&#8220;full&#8220; alignment=&#8220;center&#8220; css_animation=&#8220;appear&#8220;][vc_column_text]Die Werkstatt KreizBreizh wird von 3 Teams mit 7 oder 8 Mitgliedern gef\u00fchrt.[\/vc_column_text][\/vc_column_inner][\/vc_row_inner][\/vc_column][\/vc_row][vc_row full_width=&#8220;stretch_row&#8220; el_id=&#8220;descri-prod&#8220; css=&#8220;.vc_custom_1513185939444{background-color: #e5e1d6 !important;}&#8220;][vc_column][vc_empty_space][vc_column_text el_class=&#8220;titre-sites-touristiques&#8220;]<\/p>\n<h3 style=\"text-align: center;\">Der Wald liegt im Herzen der Bretagne, die mit zahlreichen sch\u00f6nen Orten aufwartet.<\/h3>\n<p>[\/vc_column_text][vc_empty_space][vc_row_inner][vc_column_inner width=&#8220;1\/4&#8243;][vc_single_image image=&#8220;17402&#8243; img_size=&#8220;full&#8220; alignment=&#8220;center&#8220; css_animation=&#8220;appear&#8220;][vc_custom_heading text=&#8220;Das Vall\u00e9e des Saints&#8220; font_container=&#8220;tag:h5|text_align:center&#8220; google_fonts=&#8220;font_family:Open%20Sans%3A300%2C300italic%2Cregular%2Citalic%2C600%2C600italic%2C700%2C700italic%2C800%2C800italic|font_style:400%20regular%3A400%3Anormal&#8220;][\/vc_column_inner][vc_column_inner width=&#8220;1\/4&#8243;][vc_single_image image=&#8220;17399&#8243; img_size=&#8220;full&#8220; alignment=&#8220;center&#8220; css_animation=&#8220;appear&#8220;][vc_custom_heading text=&#8220;Canal de Nantes in Brest&#8220; font_container=&#8220;tag:h5|text_align:center&#8220; google_fonts=&#8220;font_family:Open%20Sans%3A300%2C300italic%2Cregular%2Citalic%2C600%2C600italic%2C700%2C700italic%2C800%2C800italic|font_style:400%20regular%3A400%3Anormal&#8220;][\/vc_column_inner][vc_column_inner width=&#8220;1\/4&#8243;][vc_single_image image=&#8220;17401&#8243; img_size=&#8220;full&#8220; alignment=&#8220;center&#8220; css_animation=&#8220;appear&#8220;][vc_custom_heading text=&#8220;Chaos im Wald von Huelgoat&#8220; font_container=&#8220;tag:h5|text_align:center&#8220; google_fonts=&#8220;font_family:Open%20Sans%3A300%2C300italic%2Cregular%2Citalic%2C600%2C600italic%2C700%2C700italic%2C800%2C800italic|font_style:400%20regular%3A400%3Anormal&#8220;][\/vc_column_inner][vc_column_inner width=&#8220;1\/4&#8243;][vc_single_image image=&#8220;17400&#8243; img_size=&#8220;full&#8220; alignment=&#8220;center&#8220; css_animation=&#8220;appear&#8220;][vc_custom_heading text=&#8220;Wehr im Canal<br \/>\nde Nantes in Brest&#8220; font_container=&#8220;tag:h5|text_align:center&#8220; google_fonts=&#8220;font_family:Open%20Sans%3A300%2C300italic%2Cregular%2Citalic%2C600%2C600italic%2C700%2C700italic%2C800%2C800italic|font_style:400%20regular%3A400%3Anormal&#8220;][\/vc_column_inner][\/vc_row_inner][\/vc_column][\/vc_row]<\/p>\n<!-- AddThis Advanced Settings generic via filter on the_content -->","protected":false},"excerpt":{"rendered":"<p>[vc_row][vc_column width=&#8220;1\/2&#8243; el_class=&#8220;contenu-europe&#8220;][vc_empty_space][vc_column_text][\/vc_column_text][\/vc_column][vc_column width=&#8220;1\/2&#8243;][vc_empty_space][vc_column_text] KERMOELES Lescou\u00ebt-Gouarec (22)[\/vc_column_text][vc_column_text css_animation=&#8220;left-to-right&#8220;] Breitengrad 48.150168 L\u00e4ngengrad -3.254957 &nbsp; F\u00fcr jedes Buch, das wir f\u00fcr Sie&#8230;<!-- AddThis Advanced Settings generic via filter on wp_trim_excerpt --><\/p>\n","protected":false},"author":8,"featured_media":0,"parent":0,"menu_order":0,"comment_status":"closed","ping_status":"closed","template":"","meta":{"inline_featured_image":false,"footnotes":""},"class_list":["post-18167","page","type-page","status-publish","hentry"],"aioseo_notices":[],"_links":{"self":[{"href":"https:\/\/www.typolibris.ch\/de\/wp-json\/wp\/v2\/pages\/18167","targetHints":{"allow":["GET"]}}],"collection":[{"href":"https:\/\/www.typolibris.ch\/de\/wp-json\/wp\/v2\/pages"}],"about":[{"href":"https:\/\/www.typolibris.ch\/de\/wp-json\/wp\/v2\/types\/page"}],"author":[{"embeddable":true,"href":"https:\/\/www.typolibris.ch\/de\/wp-json\/wp\/v2\/users\/8"}],"replies":[{"embeddable":true,"href":"https:\/\/www.typolibris.ch\/de\/wp-json\/wp\/v2\/comments?post=18167"}],"version-history":[{"count":6,"href":"https:\/\/www.typolibris.ch\/de\/wp-json\/wp\/v2\/pages\/18167\/revisions"}],"predecessor-version":[{"id":18470,"href":"https:\/\/www.typolibris.ch\/de\/wp-json\/wp\/v2\/pages\/18167\/revisions\/18470"}],"wp:attachment":[{"href":"https:\/\/www.typolibris.ch\/de\/wp-json\/wp\/v2\/media?parent=18167"}],"curies":[{"name":"wp","href":"https:\/\/api.w.org\/{rel}","templated":true}]}}

La Clairière des Livres

<p>[vc_row][vc_column width=&#8220;1/2&#8243; el_class=&#8220;contenu-europe&#8220;][vc_empty_space][vc_column_text]<div class="agm-canvas" id="agm-canvas" style="margin: 0 auto; width:570px; height:475px;"></div>[/vc_column_text][/vc_column][vc_column width=&#8220;1/2&#8243;][vc_empty_space][vc_column_text]</p>
<h3>KERMOELES</h3>
<p>Lescouët-Gouarec (22)[/vc_column_text][vc_column_text css_animation=&#8220;left-to-right&#8220;]</p>
<p style="text-align: left;"><img loading="lazy" decoding="async" class="marker-clairiere alignleft wp-image-12385 size-full" src="https://www.typolibris.ch/wp-content/uploads/2017/12/picto-marker_03.png" alt="picto-marker_03" width="65" height="94" /><br />
Breitengrad 48.150168<br />
Längengrad -3.254957</p>
<p>&nbsp;</p>
<p>Für jedes <strong>Buch</strong>, das wir für Sie drucken, pflanzen wir einen <strong>Baum</strong> in unserem Wald in<strong> Kermoeles</strong>.</p>
<p>Wir legen Wert darauf, dauerhafte, konkrete Massnahmen zu ergreifen und einen langfristigen Beitrag zu leisten. Platzieren Sie das Logo von <strong>La Clairière des Livres</strong> auf Ihren bei Typo’Libris gedruckten Büchern und werden Sie Botschafter für unseren Wald.[/vc_column_text][/vc_column][/vc_row][vc_row full_width=&#8220;stretch_row&#8220; css=&#8220;.vc_custom_1526561953516{padding-top: 0px !important;background-color: #f6f6f6 !important;}&#8220; el_class=&#8220;bande-foret&#8220; el_id=&#8220;videos-clairiere&#8220;][vc_column][vc_column_text el_class=&#8220;titre-fond-foret&#8220;]</p>
<h3 style="text-align: center;"><span style="color: #007734;">Für jeden Buchtitel, den wir für Sie drucken,</span><br />
<span style="color: #007734;">pflanzen wir einen Baum!</span></h3>
<p>[/vc_column_text][vc_row_inner][vc_column_inner width=&#8220;1/2&#8243;][vc_column_text]</p>
<div align="center">
<p><iframe loading="lazy" src="https://www.youtube.com/embed/wgBbD6pWQeM?rel=0&amp;showinfo=0" width="560" height="315" frameborder="0" allowfullscreen="allowfullscreen"></iframe></p>
<h4>Février 2018 &#8211; Présentation</h4>
</div>
<p>[/vc_column_text][/vc_column_inner][vc_column_inner width=&#8220;1/2&#8243;][vc_column_text]</p>
<div align="center">
<p><iframe loading="lazy" src="https://www.youtube.com/embed/zr8OsNNDmJI?rel=0&amp;showinfo=0" width="560" height="315" frameborder="0" allowfullscreen="allowfullscreen"></iframe></p>
<h4>Avril 2018 &#8211; Premières plantations</h4>
</div>
<p>[/vc_column_text][/vc_column_inner][/vc_row_inner][vc_row_inner][vc_column_inner width=&#8220;1/2&#8243;][vc_column_text]</p>
<div align="center">
<p><iframe loading="lazy" src="https://www.youtube.com/embed/R_eebkpfokE?rel=0&amp;showinfo=0" width="560" height="315" frameborder="0" allowfullscreen="allowfullscreen"></iframe></p>
<h4>Décembre 2018 &#8211; Plantations</h4>
</div>
<p>[/vc_column_text][/vc_column_inner][vc_column_inner width=&#8220;1/2&#8243;][vc_column_text]</p>
<div align="center">
<p><iframe loading="lazy" src="https://www.youtube.com/embed/TG_al0ydOb4" width="560" height="315" frameborder="0" allowfullscreen="allowfullscreen"></iframe></p>
<h4>Décembre 2019 &#8211; Plantations</h4>
</div>
<p>[/vc_column_text][/vc_column_inner][/vc_row_inner][/vc_column][/vc_row][vc_row][vc_column][vc_empty_space][vc_row_inner][vc_column_inner width=&#8220;1/2&#8243;][vc_column_text css_animation=&#8220;bottom-to-top&#8220;]Die <strong>Printcorpgroup</strong> und ihre Teams sind dem ökologischen Gleichgewicht gegenüber sensibel und respektieren unseren <strong>Planeten</strong>. Sie haben sich konkrete Massnahmen gewünscht und unterstützen die Umweltschutzbewegung.[/vc_column_text][/vc_column_inner][vc_column_inner width=&#8220;1/2&#8243;][vc_column_text css_animation=&#8220;bottom-to-top&#8220;]<strong>La Clairière des Livres</strong> ist ein zukünftiger Wald von 15 ha Grösse in der Zentralbretagne, in dem wir Bäume pflanzen, um die Biodiversität zu erhalten oder wiederherzustellen.[/vc_column_text][/vc_column_inner][/vc_row_inner][vc_column_text]</p>
<blockquote><p>Lassen Sie uns aktiv zur Zukunft unseres Planeten beitragen und den Büchern von morgen beim Wachsen zusehen. Printcorpgroup, territoires d’impression.</p></blockquote>
<p>[/vc_column_text][vc_empty_space][/vc_column][/vc_row][vc_row full_width=&#8220;stretch_row_content&#8220;][vc_column el_class=&#8220;bloc-linkftp&#8220;][vc_row_inner][vc_column_inner el_class=&#8220;image-certificat&#8220; width=&#8220;1/2&#8243; css=&#8220;.vc_custom_1513174164727{background-image: url(https://www.typolibris.ch/wp-content/uploads/2016/04/fd-clairiere.jpg?id=11752) !important;}&#8220;][vc_empty_space height=&#8220;45px&#8220;][vc_single_image image=&#8220;18082&#8243; img_size=&#8220;full&#8220; alignment=&#8220;right&#8220; css_animation=&#8220;left-to-right&#8220; css=&#8220;.vc_custom_1655993403184{padding-right: 100px !important;}&#8220;][vc_empty_space height=&#8220;45px&#8220;][/vc_column_inner][vc_column_inner el_class=&#8220;contenu-certificat&#8220; width=&#8220;1/2&#8243; css=&#8220;.vc_custom_1513173884143{background-color: #3b962b !important;}&#8220;][vc_column_text el_class=&#8220;texte-clairiere-livres&#8220;]</p>
<h3>Werden Sie Botschafter für La Clairière des Livres</h3>
<p>Platzieren Sie das Logo von <strong>La Clairière des Livres</strong> auf Ihren Werken, und wir stellen Ihnen ein digitales Zertifikat für den Baum aus, der sein Leben Ihrem Buch verdankt&#8230;[/vc_column_text][vc_empty_space height=&#8220;15px&#8220;][vc_single_image image=&#8220;17403&#8243; img_size=&#8220;full&#8220;][vc_empty_space height=&#8220;15px&#8220;][vc_single_image image=&#8220;18465&#8243; img_size=&#8220;full&#8220; onclick=&#8220;custom_link&#8220; img_link_target=&#8220;_blank&#8220; css_animation=&#8220;right-to-left&#8220; link=&#8220;https://www.typolibris.ch/wp-content/uploads/2020/06/charte-typolibris-clairiere-des-livres-2020.pdf&#8220;][vc_empty_space height=&#8220;15px&#8220;][vc_single_image image=&#8220;18468&#8243; img_size=&#8220;full&#8220; onclick=&#8220;custom_link&#8220; img_link_target=&#8220;_blank&#8220; css_animation=&#8220;right-to-left&#8220; link=&#8220;https://www.typolibris.ch/wp-content/uploads/2018/06/logo-la-clairiere-des-livres.pdf&#8220;][vc_empty_space height=&#8220;17px&#8220;][/vc_column_inner][/vc_row_inner][/vc_column][/vc_row][vc_row][vc_column][vc_empty_space][vc_column_text el_class=&#8220;titre-sites-touristiques&#8220;]</p>
<h3 style="text-align: center;"><span style="color: #007734;">7 ha Wald, die zu 30 ha werden sollen</span></h3>
<p>[/vc_column_text][vc_empty_space][vc_row_inner][vc_column_inner width=&#8220;1/3&#8243;][vc_single_image image=&#8220;17411&#8243; img_size=&#8220;full&#8220; alignment=&#8220;center&#8220; css_animation=&#8220;appear&#8220;][vc_column_text]Nicolas und Erwan, Teamleiter in der Werkstatt von KreizBreizh, haben unser erstes Grundstück vermessen und die zu pflanzenden Baumarten ausgewählt.[/vc_column_text][/vc_column_inner][vc_column_inner width=&#8220;1/3&#8243;][vc_single_image image=&#8220;17412&#8243; img_size=&#8220;full&#8220; alignment=&#8220;center&#8220; css_animation=&#8220;appear&#8220;][vc_column_text]Pflanzung verschiedener Baumarten durch die Werkstatt KreizBreizh des ESAT de Glomel (WerkheimGlomel).[/vc_column_text][/vc_column_inner][vc_column_inner width=&#8220;1/3&#8243;][vc_single_image image=&#8220;17409&#8243; img_size=&#8220;full&#8220; alignment=&#8220;center&#8220; css_animation=&#8220;appear&#8220;][vc_column_text]Die Werkstatt KreizBreizh wird von 3 Teams mit 7 oder 8 Mitgliedern geführt.[/vc_column_text][/vc_column_inner][/vc_row_inner][/vc_column][/vc_row][vc_row full_width=&#8220;stretch_row&#8220; el_id=&#8220;descri-prod&#8220; css=&#8220;.vc_custom_1513185939444{background-color: #e5e1d6 !important;}&#8220;][vc_column][vc_empty_space][vc_column_text el_class=&#8220;titre-sites-touristiques&#8220;]</p>
<h3 style="text-align: center;">Der Wald liegt im Herzen der Bretagne, die mit zahlreichen schönen Orten aufwartet.</h3>
<p>[/vc_column_text][vc_empty_space][vc_row_inner][vc_column_inner width=&#8220;1/4&#8243;][vc_single_image image=&#8220;17402&#8243; img_size=&#8220;full&#8220; alignment=&#8220;center&#8220; css_animation=&#8220;appear&#8220;][vc_custom_heading text=&#8220;Das Vallée des Saints&#8220; font_container=&#8220;tag:h5|text_align:center&#8220; google_fonts=&#8220;font_family:Open%20Sans%3A300%2C300italic%2Cregular%2Citalic%2C600%2C600italic%2C700%2C700italic%2C800%2C800italic|font_style:400%20regular%3A400%3Anormal&#8220;][/vc_column_inner][vc_column_inner width=&#8220;1/4&#8243;][vc_single_image image=&#8220;17399&#8243; img_size=&#8220;full&#8220; alignment=&#8220;center&#8220; css_animation=&#8220;appear&#8220;][vc_custom_heading text=&#8220;Canal de Nantes in Brest&#8220; font_container=&#8220;tag:h5|text_align:center&#8220; google_fonts=&#8220;font_family:Open%20Sans%3A300%2C300italic%2Cregular%2Citalic%2C600%2C600italic%2C700%2C700italic%2C800%2C800italic|font_style:400%20regular%3A400%3Anormal&#8220;][/vc_column_inner][vc_column_inner width=&#8220;1/4&#8243;][vc_single_image image=&#8220;17401&#8243; img_size=&#8220;full&#8220; alignment=&#8220;center&#8220; css_animation=&#8220;appear&#8220;][vc_custom_heading text=&#8220;Chaos im Wald von Huelgoat&#8220; font_container=&#8220;tag:h5|text_align:center&#8220; google_fonts=&#8220;font_family:Open%20Sans%3A300%2C300italic%2Cregular%2Citalic%2C600%2C600italic%2C700%2C700italic%2C800%2C800italic|font_style:400%20regular%3A400%3Anormal&#8220;][/vc_column_inner][vc_column_inner width=&#8220;1/4&#8243;][vc_single_image image=&#8220;17400&#8243; img_size=&#8220;full&#8220; alignment=&#8220;center&#8220; css_animation=&#8220;appear&#8220;][vc_custom_heading text=&#8220;Wehr im Canal<br />
de Nantes in Brest&#8220; font_container=&#8220;tag:h5|text_align:center&#8220; google_fonts=&#8220;font_family:Open%20Sans%3A300%2C300italic%2Cregular%2Citalic%2C600%2C600italic%2C700%2C700italic%2C800%2C800italic|font_style:400%20regular%3A400%3Anormal&#8220;][/vc_column_inner][/vc_row_inner][/vc_column][/vc_row]</p>
<!-- AddThis Advanced Settings generic via filter on the_content -->

<p>[vc_row][vc_column width=&#8220;1/2&#8243; el_class=&#8220;contenu-europe&#8220;][vc_empty_space][vc_column_text][/vc_column_text][/vc_column][vc_column width=&#8220;1/2&#8243;][vc_empty_space][vc_column_text] KERMOELES Lescouët-Gouarec (22)[/vc_column_text][vc_column_text css_animation=&#8220;left-to-right&#8220;] Breitengrad 48.150168 Längengrad -3.254957 &nbsp; Für jedes Buch, das wir für Sie&#8230;<!-- AddThis Advanced Settings generic via filter on wp_trim_excerpt --></p>
